ermine x(9).
105
Let l(k) = -14*k**2 + 2857*k - 44563. Determine l(17).
-40
Let n(s) = -2*s**2 + 14225*s - 2279105. Determine n(164).
3
Let t(i) = 10322*i + 62207. What is t(-6)?
275
Let k(u) = 2*u**2 - 194*u + 422. What is k(95)?
42
Let l(a) = 6*a**3 - 248*a**2 + 86*a - 128. Calculate l(41).
36
Let i(n) = -n**2 - 4368*n + 52563. Determine i(12).
3
Let w(i) = 30152*i - 2140940. Give w(71).
-148
Let z(k) = 4*k**3 + 988*k**2 - 3948*k - 28. Give z(4).
244
Let h(x) = 9*x**2 + 119*x - 3319. Give h(21).
3149
Let t(c) = -2261*c + 117652. What is t(52)?
80
Let x(d) = 277924*d + 5836401. Calculate x(-21).
-3
Let z(y) = 30*y**2 - 1498*y + 15. Calculate z(51).
1647
Let q(g) = 30*g**2 + 43*g + 3. Determine q(-4).
311
Let t(c) = 8887*c - 53228. Give t(6).
94
Let w(p) = 3*p**3 - p**2 + 236*p - 1784. Give w(8).
1576
Let j(k) = -1646*k + 10860. Determine j(7).
-662
Let o(k) = 2*k**2 - 1515*k - 15460. Give o(-10).
-110
Let i(c) = 34*c**2 - 201*c - 577. Give i(8).
-9
Let k(h) = 14*h**2 - 462*h - 2319. Determine k(38).
341
Let a(q) = q**3 - 183*q**2 + 130*q + 9506. Calculate a(182).
42
Let f(v) = -835*v**3 - 2*v**2 - 4*v + 4. Determine f(1).
-837
Let f(g) = -11887*g - 558835. What is f(-47)?
-146
Let z(f) = -2*f**2 + 841*f - 4930. Give z(6).
44
Let z(d) = -196*d + 38131. Give z(197).
-481
Let m(u) = -2482*u - 96971. Give m(-39).
-173
Let m(v) = -17*v**2 + 33478*v - 66956. Calculate m(2).
-68
Let v(p) = 93*p**2 - 4405*p + 1609. Calculate v(47).
11
Let c(x) = x**2 - 132*x - 403943. Determine c(-573).
22
Let x(r) = -r**3 - 215*r**2 - 11503*r + 12. What is x(-115)?
357
Let c(f) = 116353*f - 581760. Calculate c(5).
5
Let k(h) = -5*h**3 - 662*h**2 + 110*h + 49391. Give k(-132).
23
Let r(j) = 2377*j**2 - 7188*j - 12. What is r(3)?
-183
Let p(n) = -11*n**2 + 64797*n - 324008. Determine p(5).
-298
Let x(y) = 12*y**2 - 760*y + 6966. Determine x(11).
58
Let q(h) = 16046*h + 32073. Calculate q(-2).
-19
Let k(t) = t**2 + 1570*t + 110711. What is k(-74)?
7
Let b(y) = 2*y**2 + 2667*y - 1865. Calculate b(0).
-1865
Let h(g) = -16070*g + 626729. Give h(39).
-1
Let l(k) = 78*k**3 - 391*k**2 - 75*k + 400. Calculate l(5).
0
Let k(i) = 56*i**2 + 7739*i + 1512. What is k(-138)?
-6
Let p(m) = -928*m - 9273. Calculate p(-10).
7
Let x(u) = 466*u - 92026. What is x(204)?
3038
Let o(w) = -2*w**2 - 1026*w + 15935. Calculate o(15).
95
Let z(n) = n**3 - 647*n**2 + 2946*n - 1495. Give z(4).
1
Let h(l) = -2*l**3 - 557*l**2 - 2215*l - 1. What is h(-4)?
75
Let b(p) = -64*p**2 - 38665*p - 5420. Determine b(-604).
16
Let i(p) = p**3 - 481*p**2 + 1081*p - 58512. Calculate i(479).
405
Let h(f) = -4*f**3 + 24*f**2 + 5*f - 92. Give h(5).
33
Let w(m) = 5281*m**2 + 21134*m + 58. Determine w(-4).
18
Let c(f) = -93*f**2 + 194*f - 7. Determine c(2).
9
Let q(x) = 26*x**3 + 7*x**2 - 20. Give q(-2).
-200
Let b(f) = -f**2 + 11*f + 1264. Calculate b(59).
-1568
Let k(z) = 25*z**3 + 525*z**2 - 28*z - 300. Calculate k(-21).
288
Let u(z) = 6*z**2 + 87*z - 583. Give u(-18).
-205
Let d(v) = 56*v**2 + 989*v + 3806. Give d(-12).
2
Let x(j) = -j**3 - 25*j**2 - 181*j + 64. Calculate x(-14).
442
Let d(t) = -384*t**2 + 2326*t - 241. Give d(6).
-109
Let n(a) = -a**3 - 3899*a**2 + 86266*a. Determine n(22).
88
Let f(t) = t**3 + t**2 - 2630*t + 10594. Determine f(4).
154
Let i(w) = 27286*w + 300156. What is i(-11)?
10
Let s(c) = -528668*c - 1586005. Determine s(-3).
-1
Let u(h) = h**3 - 26*h**2 + 481*h + 178. Determine u(16).
5314
Let f(w) = w**2 + 376*w - 8732. Determine f(22).
24
Let d(n) = -86*n - 1283. Calculate d(-27).
1039
Let n(c) = -6*c**3 + 694*c**2 + 2378*c + 245. Calculate n(119).
7
Let j(c) = c**3 + 41*c**2 - 393*c + 5. What is j(-49)?
54
Let t(k) = -540*k + 4766. Give t(8).
446
Let m(p) = -p**3 - 7*p**2 - 2859*p - 22941. Calculate m(-8).
-5
Let g(w) = -18*w**3 - 5760*w**2 + 938*w + 300158. What is g(-320)?
-2
Let o(x) = 3653*x - 146110. Determine o(40).
10
Let x(w) = 4*w**2 - 642*w - 3783. Give x(-6).
213
Let u(a) = a**3 - 18*a**2 + 845*a - 13040. Give u(16).
-32
Let b(a) = 19*a**2 - 652*a - 5506. Determine b(-7).
-11
Let g(x) = 2*x**2 - 52246*x + 2190808. Calculate g(42).
4
Let b(x) = x**2 + 342*x + 18396. Give b(-275).
-29
Let n(r) = 3*r**3 - 339*r**2 - 79*r + 8934. What is n(113)?
7
Let j(g) = g**3 - 2*g**2 - 847*g - 6610. Determine j(-8).
-474
Let a(d) = 2*d**3 - 144*d**2 - 14*d + 378. Determine a(72).
-630
Let r(v) = v**3 + 4*v**2 + 2350*v - 42704. Determine r(16).
16
Let v(a) = -a**3 - 123*a**2 + 751*a - 551. Give v(5).
4
Let m(v) = -672*v - 742584. Calculate m(-1105).
-24
Let l(o) = -5*o**3 - 469*o**2 + 99*o + 666. Give l(-94).
196
Let o(k) = -3036*k + 133828. Determine o(44).
244
Let i(o) = 2*o**3 - 43*o**2 - 74*o + 1201. What is i(22)?
57
Let d(m) = 18*m**2 - 14*m + 107. Calculate d(9).
1439
Let b(y) = 36*y**3 + 1078*y**2 - 125*y - 1923. What is b(-30)?
27
Let d(h) = h**2 - 93*h - 498. Give d(0).
-498
Let c(b) = -1231*b**2 - 674*b - 1339. Give c(-2).
-4915
Let n(g) = -2*g**2 - 10215*g + 102271. Give n(10).
-79
Let h(u) = 494722*u + 6926112. Calculate h(-14).
4
Let o(w) = -65*w**2 + 2059*w - 213. Calculate o(32).
-885
Let h(j) = 16*j**3 + 15*j**2 - 664*j - 662. What is h(-1)?
1
Let n(d) = d**3 - 8*d**2 - 443*d + 2654. Calculate n(6).
-76
Let m(t) = t**3 - 25*t**2 + 76*t + 100. Give m(8).
-380
Let k(f) = 2*f**2 - 1398*f - 15565. What is k(-11)?
55
Let s(d) = 7*d**3 - 292*d**2 - 92*d + 223. Determine s(42).
-113
Let o(x) = x**2 - 1234226*x + 3702659. Give o(3).
-10
Let c(o) = -3*o**2 + 178*o - 60. Determine c(0).
-60
Let b(q) = -1988*q - 22067. What is b(-13)?
3777
Let k(m) = m**3 + 43*m**2 - 21*m - 618. What is k(-44)?
-1630
Let h(d) = -10318*d + 959574. Determine h(93).
0
Let p(m) = -51133*m - 357932. What is p(-7)?
-1
Let k(t) = 2*t**3 + 10*t**2 + 33083*t + 198574. Give k(-6).
4
Let h(i) = 4*i**2 - 111*i - 249. Give h(-4).
259
Let w(a) = -999*a + 80938. Give w(81).
19
Let v(c) = -c**2 + 10603*c - 800027. Calculate v(76).
25
Let z(o) = 5027*o - 170919. Give z(34).
-1
Let r(l) = 39*l**2 + 11198*l + 1303. Give r(-287).
-132
Let s(k) = -13461*k**2 + 215378*k - 28. Determine s(16).
4
Let d(s) = 2*s**3 + 159*s**2 + 1569*s + 149. Determine d(-68).
-191
Let x(u) = 2288*u + 29706. What is x(-13)?
-38
Let t(i) = -31806*i + 35177425. Give t(1106).
-11
Let k(d) = -5*d**3 - 1103*d**2 + 1783*d + 50861. Calculate k(-222).
23
Let j(k) = -260*k**2 + 7499*k + 1192. Calculate j(29).
3
Let g(b) = 2105*b - 324177. Give g(154).
-7
Let k(v) = -4*v**2 - 231*v + 2125. Give k(8).
21
Let k(f) = 669*f**2 - 9362*f - 47. What is k(14)?
9
Let w(o) = -3*o**3 + 47*o**2 + 40*o + 567. Calculate w(17).
91
Let r(g) = 30921*g - 185506. Determine r(6).
20
Let t(o) = 2*o**3 + 84*o**2 - 180*o + 111. Calculate t(-44).
287
Let s(x) = -205*x + 29803. Calculate s(146).
-127
Let d(i) = 266871*i - 4536794. Determine d(17).
13
Let i(u) = 4*u**2 - 69509*u + 14. What is i(0)?
14
Let j(l) = 34820*l + 69632. Give j(-2).
-8
Let x(y) = y**3 - 535*y**2 - 4895*y + 15. Give x(-9).
6
Let k(r) = -6*r**3 - 1440*r**2 - 325*r - 78000. Give k(-240).
0
Let q(k) = k**2 + 362138*k - 2172837. Determine q(6).
27
Let g(n) = -158*n - 8529. Give g(-54).
3
Let n(t) = -t**3 - 14*t**2 + 136*t + 1411. What is n(-13)?
-526
Let r(i) = 18*i**3 + 3152*i**2 + 354*i + 645. What is r(-175)?
-55
Let z(n) = -9*n**2 - 356*n + 515. Give z(-39).
710
Let h(c) = -2*c**2 - 448*c + 91889. Calculate h(129).
815
Let s(q) = 5*q**2 + 2521*q - 20303. Give s(8).
185
Let d(j) = -7545*j + 2218269. Calculate d(294).
39
Let i(l) = 4*l**2 - 666*l + 10150. What is i(17)?
-16
Let n(j) = -3*j**3 - 358*j**2 + 615*j + 622. Determine n(-121).
-588
Let k(x) = 10461*x + 42963. Calculate k(-4).
1119
Let o(c) = -3*c**3 - 58*c + 32. What is o(5)?
-633
Let s(y) = -3*y**3 - y**2 - 20*y - 6. Give s(0).
-6
Let w(b) = -8*b**2 - 143*b + 959. Calculate w(12).
-1909
Let a(s) = -81422*s - 895637. Calculate a(-11).
5
Let y(g) = -1718413*g - 12028888. Calculate y(-7).
3
Let o(g) = -15*g**2 + 377*g - 1141. Give o(3).
-145
Let l(r) = r**3 - 65*r**2 - 874*r + 3571. Determine l(76).
683
Let m(r) = 7668*r - 22939. Determine m(3).
65
Let s(u) = -1556*u + 50128. What is s(32)?
336
Let p(k) = k**3 - 3*k**2 - 512*k + 2600. Give p(5).
90
Let h(u) = -3*u**2 - 443496*u - 5321504. What is h(-12)?
16
Let h(x) = 4*x**3 - 19*x**2 + 2101*x